/((-72)/(-3)). Suppose o + n = 0, 0 = -3*f - 4*o - 2 + 13. Let i(p) = p + 3. Is i(f) even?
True
Let h = -22 + 13. Let o = -18 - h. Is 16 a factor of (-10)/(o/(-6) - 2)?
False
Suppose -3*j - 88*z + 83*z = -8440, -j + z + 2824 = 0. Does 12 divide j?
True
Suppose 2*k = -5*x + 20, 2*k = -x + 38 - 2. Is 4 a factor of k?
True
Suppose 0 = -4*i + 3*m + 721 + 1521, 5*i - 5*m = 2800. Is i a multiple of 29?
False
Let g = 701 + -17. Is g a multiple of 36?
True
Suppose 0 = 5*h + 106 + 89. Let a = 46 + h. Is a a multiple of 2?
False
Suppose 9*f - 4*f - 20 = 0. Suppose -3*s + 3*l + 247 + 119 = 0, -3*s = f*l - 380. Is 31 a factor of s?
True
Suppose 3*f = 3*v - 30, 3*v + f - 20 = -2*v. Suppose 9*t = v*t + 148. Is 9 a factor of t?
False
Let v be (15/25)/(2/(-30)). Let u be (3/v)/(1/(-3)). Let o = u + 3. Does 4 divide o?
True
Suppose 22 = c + 8. Suppose 14 = -4*p + 5*g + 58, p + 5*g = -c. Let o = 14 - p. Does 8 divide o?
True
Let s(z) = -z**2 + 14*z + 7. Is s(7) a multiple of 6?
False
Suppose 0 = 5*y - y - 3*r + 1, 5*y = 5*r + 5. Is y + (-1)/((-2)/152) a multiple of 21?
False
Is 21 a factor of (3 + 255/(-25))*20/(-3)?
False
Let t(l) = -4*l**3 - 2*l + 1. Let x(b) = 3*b**3 + 2*b - 1. Let f(n) = -4*t(n) - 5*x(n). Let q be (0 - (-2)/2) + 2. Is 11 a factor of f(q)?
True
Let j be (-4)/6 - 2/6. Let t be (1 + j + -2)/(-2). Is (t*2)/(8/120) a multiple of 10?
True
Let j(x) = x**2 - x. Let a be j(0). Suppose -3*h + 3*u = -273, a*u + 5*u = 4*h - 363. Suppose 3*q - 390 = -4*g + 2*q, -3*q = g - h. Is g a multiple of 30?
False
Let j(y) = 11*y + 30. Is j(18) a multiple of 19?
True
Suppose -4*j = h - 213, 5*j - 49 = -4*h + 209. Does 3 divide j?
True
Let l be 52 + (2*-2)/4. Suppose 5*w - l = 14. Suppose -c - 4*c = 3*b - 33, 0 = -3*c + 5*b + w. Does 3 divide c?
True
Suppose 2*d = d - 5*k + 15, -3*k + 16 = 2*d. Suppose -5*o = 3*n - 21 - 54, -2*n + 25 = -d*o. Is 9 a factor of n?
False
Is 5 a factor of (0 + (-10)/4)*52008/(-330)?
False
Let q be (3 - 1) + 1/1 - -2. Is 4/(20/q)*58 a multiple of 10?
False
Suppose 6*i = i + 1415. Does 21 divide i?
False
Does 2 divide 2/14 + (-36945)/(-105)?
True
Let g(k) = -35*k - 51. Does 94 divide g(-13)?
False
Let x(k) = k**3 + 14*k**2 + 5*k - 33. Is x(-11) a multiple of 55?
True
Suppose -o - 4*v = -325, -3*o - 17*v = -15*v - 955. Is o a multiple of 13?
False
Suppose 2*c - t = 508 + 4151, -4*c + 9348 = 4*t. Is 44 a factor of c?
True
Suppose 7*i = 2*i. Suppose i = -h + 3*x + 3, 0*x - x = -2*h + 1. Suppose h = z - 21 - 22. Is 12 a factor of z?
False
Let i be -2*5/10*-5. Let z(b) be the first derivative of -b**4/4 + 7*b**3/3 - 3*b**2/2 + 2*b + 1. Is 12 a factor of z(i)?
False
Is 44 a factor of (49/(-441))/(1/(-13077))?
False
Is 27 a factor of (-60)/(-15) - (-582 + 1)?
False
Suppose -20*n + 7656 + 2464 = 0. Does 51 divide n?
False
Let x(b) be the first derivative of b**4/12 - 7*b**3/6 - b**2 + 7*b - 2. Let z(o) be the first derivative of x(o). Does 3 divide z(9)?
False
Let r = 4 + -16. Is r/(-28) + (-158)/(-7) a multiple of 5?
False
Let o(z) = -4*z**3 + z**2 + z + 1. Let f be o(-1). Let n(x) be the third derivative of x**4/3 - 4*x**3/3 - 33*x**2. Is n(f) a multiple of 15?
False
Let x = 1 - -12. Suppose -9*l = -x*l + 8. Suppose 75 - 11 = l*v. Is v a multiple of 16?
True
Suppose -52765 = -74*r + 16943. Does 6 divide r?
True
Let s = 1069 + -981. Is 3 a factor of s?
False
Let n(s) = s**2 - 4*s - 16. Let w be n(6). Let l be 40/4 - 1*w. Suppose -l = -0*d - d. Is 3 a factor of d?
False
Let j be 72/24 + 164 + -1. Suppose t + 5*v = 247, -4*v = -t + j + 99. Does 27 divide t?
False
Let u(k) = k**3 + 45*k**2 + 20*k. Does 20 divide u(-5)?
True
Let g = -1297 - -1412. Is g a multiple of 23?
True
Let d(y) = -y**3 - 10*y**2 - y + 9. Let x be d(-10). Let i = -9 + x. Is i a multiple of 3?
False
Let t = -1419 - -4395. Does 96 divide t?
True
Let x = 113 + -305. Is -6 - -3 - (x + 5) a multiple of 45?
False
Suppose 0*z + 19 = 2*v - 3*z, 2*v - z - 13 = 0. Let s = 3 - v. Does 3 divide 5*((-24)/10)/s?
True
Suppose -3*o + 229 = -893. Let p = -208 + o. Is 26 a factor of p?
False
Let t = 836 - 586. Is 27 a factor of t?
False
Suppose 62*s = 55*s + 16667. Is 12 a factor of s?
False
Let m be (9/4)/((-2965)/(-740) - 4). Let b = -175 + m. Is 12 a factor of b?
False
Suppose 5*m + 65 + 25 = 0. Let a = m + 41. Suppose -l + 2*l - a = 0. Is 5 a factor of l?
False
Is 16 a factor of 1785/(9/3) + 6 + -11?
False
Let q(x) = -x**3 + 5*x**2 - 2*x - 2. Let t be q(4). Let k = 53 + 22. Let p = t + k. Is 29 a factor of p?
False
Is 8 a factor of 6/(889/7839 + (-43)/387)?
False
Let m(n) = n**3 - 3*n**2 - n + 2. Let a be m(3). Does 19 divide 41 + a - (2 - (-1 + 1))?
True
Suppose -15 = -7*a + 2*a. Let l(i) = 14*i + 6. Is 12 a factor of l(a)?
True
Suppose -3*r + 5*r + 5*t = 43, 5*t + 27 = 3*r. Suppose -x = -2 - r. Is 7 a factor of x?
False
Suppose -13*n = -8*n + 4*w - 727, 3*n - 417 = 4*w. Does 13 divide n?
True
Let p(z) = -z**2 - 16*z - 4. Let t = -41 + 27. Is 6 a factor of p(t)?
True
Suppose o + 2*o = 75. Let i = 7 - -7. Let w = o - i. Is w a multiple of 9?
False
Let t(p) = p**3 - 30*p**2 + 65*p - 23. Is 131 a factor of t(31)?
False
Suppose -11803 = -26*b - 3*b. Does 37 divide b?
True
Suppose -j - 726 = -4*k + 166, -2*k + 446 = -5*j. Is k a multiple of 9?
False
Let h(q) = -37*q + 16. Let x = -6 - -1. Is h(x) a multiple of 33?
False
Suppose 3438 + 17660 = 22*p. Is 14 a factor of p?
False
Let n(h) = 3*h + 19. Suppose 0 = 18*y - 21*y + 18. Does 10 divide n(y)?
False
Suppose -5*s - 8 - 7 = 2*w, 2*w - 6 = 2*s. Let p(x) = -2*x**3 - 3*x**2 - 2*x + 7. Is 10 a factor of p(s)?
True
Let q(n) = 3*n**2 + 5*n + 3. Let o(x) = -2*x**2 - 3*x - 1. Let m(w) = -5*o(w) - 3*q(w). Let a be m(3). Let h(g) = 9*g - 3. Is 24 a factor of h(a)?
False
Is 81 a factor of (-36)/48*4 - 1773/(-1)?
False
Let q(i) = i**2 - 2*i + 3. Suppose -3*y - 8*y + 88 = 0. Is q(y) a multiple of 10?
False
Suppose 7*t + 3 = -4. Is 13 a factor of t/(-2) + 53/2?
False
Let v(q) = q**2 + 9*q + 4. Suppose -8 + 0 = 4*n, 0 = h - n - 20. Suppose 0*i - 2*i = h. Does 4 divide v(i)?
True
Does 35 divide (2/5)/(-3*(-8)/12720)?
False
Let n = -89 + 27. Suppose 6*s + 2*s = 856. Let y = n + s. Does 15 divide y?
True
Let x = 215 + 2171. Is x a multiple of 34?
False
Let a(g) = 428*g + 4. Let i be a(3). Suppose -o + i = -5*o. Let y = -218 - o. Is 26 a factor of y?
True
Let i(x) = x**3 - 4*x**2 - 26*x - 15. Is 21 a factor of i(11)?
True
Is 51 a factor of (-1)/(-2) + 0 + (-508604)/(-344)?
True
Suppose 0 = 5*n - 9 - 1. Let o(r) = -5 + 4*r**3 + 4*r + 0 - 3*r**3 + 1. Does 2 divide o(n)?
True
Let r = -12 + 14. Suppose 0 = z - g + 4, -2*z = r*g - 2 + 10. Is 21*(z/3)/(-1) a multiple of 9?
False
Let k be ((-50)/(-15))/((-1)/(-78)*-4). Let a = 134 + k. Is a a multiple of 6?
False
Let n be 6*5/(-30)*-1. Suppose 14 = 5*h - n. Suppose h*q - 18 - 6 = 0. Does 4 divide q?
True
Suppose 2*n + 5*z = n - 23, -2*n + 3*z + 6 = 0. Let t(f) be the second derivative of f**5/20 + f**4/2 - 2*f**3/3 - f**2 - 8*f. Does 14 divide t(n)?
False
Suppose -2*v - 4*m + 5 + 3 = 0, -36 = 5*v - 4*m. Is 554/22 + v - (-2)/(-11) even?
False
Suppose 65*l - 384 = 49*l. Is l a multiple of 2?
True
Is 41 a factor of (((-246)/(-9))/2)/((-25)/(-2700))?
True
Let h = -54 + 62. Is 4 a factor of (-1)/h + (-113)/(-8) + -2?
True
Suppose 460 = i + 4*o, 3*i + 326 - 1738 = -4*o. Is i a multiple of 14?
True
Suppose 4*s = 2*v - 254, -3*v + 8*v = -2*s + 587. Is 4 a factor of v?
False
Suppose 0*x + 4*x + 36 = 3*n, 4*n + 9 = -x. Let g(o) = o**2 - 6. Let p be g(-5). Let k = x + p. Is k a multiple of 2?
True
Let g(k) = 71*k - 2. Let o(l) = -l**2 + 8*l - 11. Let x be o(6). Is g(x) a multiple of 20?
False
Suppose -43 - 21 = 4*d. Let j = d - -58. Is j a multiple of 7?
True
Is 7 a factor of ((-300)/9)/(14/(-42))?
False
Let y = -2 + 5. Let m = y - -44. Is m a multiple of 10?
False
Let b be 126*(14/6 - 1). Suppose 0 = 5*m - m - b. Is m a multiple of 14?
True
Let m = 92 + -92. Is 13 a factor of (8 + (-3 - m))/((-2)/(-46))?
False
Let b(c) = c**2 - c - 16. Let x be b(-7). Suppose -9*t + 104 = -x. Is 2 a factor of t?
True
Does 24 divide (-3350)/(-15)*6/4?
False
Suppose -2*q - 5*o = 75, -4*q = 4*o + 157 + 11. Let z be 3/(q/16 + 3). Is (z - 3/(-1)) + 2 a multiple of 10?
False
Suppose 2*q - q = -6. Let t = q - -36. Let x = -18 + t. Is x a multiple of